{"id":245,"date":"2021-05-08T06:26:11","date_gmt":"2021-05-08T06:26:11","guid":{"rendered":"https:\/\/santosite.com.br\/novo\/contact-us\/"},"modified":"2025-10-27T10:56:19","modified_gmt":"2025-10-27T13:56:19","slug":"contact-us","status":"publish","type":"page","link":"https:\/\/santosite.com.br\/novo\/contact-us\/","title":{"rendered":"Contato"},"content":{"rendered":"\t\t<div data-elementor-type=\"wp-page\" data-elementor-id=\"245\" class=\"elementor elementor-245\" data-elementor-post-type=\"page\">\n\t\t\t\t\t\t\t\t\t<section class=\"elementor-section elementor-top-section elementor-element elementor-element-c01e5bc elementor-section-full_width elementor-section-height-default elementor-section-height-default\" data-id=\"c01e5bc\" data-element_type=\"section\">\n\t\t\t\t\t\t<div class=\"elementor-container elementor-column-gap-no\">\n\t\t\t\t\t<div class=\"aux-parallax-section elementor-column elementor-col-100 elementor-top-column elementor-element elementor-element-b3a8a2d\" data-id=\"b3a8a2d\" data-element_type=\"column\">\n\t\t\t<div class=\"elementor-widget-wrap elementor-element-populated\">\n\t\t\t\t\t\t\t\t<div class=\"elementor-element elementor-element-967bd8b elementor-widget elementor-widget-aux_gmap\" data-id=\"967bd8b\" data-element_type=\"widget\" data-widget_type=\"aux_gmap.default\">\n\t\t\t\t<div class=\"elementor-widget-container\">\n\t\t\t            <div class=\"elementor-alert elementor-alert-danger\" role=\"alert\">\n                <span class=\"elementor-alert-title\">\n                    Google Maps API Key Is Missing.                <\/span>\n                <span class=\"elementor-alert-description\">\n                    In order to use google maps on your website, you have to create an api key and insert it in customizer &quot;Google Maps API Key&quot; field.                <\/span>\n            <\/div>\n        \t\t<\/div>\n\t\t\t\t<\/div>\n\t\t\t\t\t<\/div>\n\t\t<\/div>\n\t\t\t\t\t\t\t<\/div>\n\t\t<\/section>\n\t\t\t\t<section class=\"elementor-section elementor-top-section elementor-element elementor-element-b621b00 elementor-section-boxed elementor-section-height-default elementor-section-height-default\" data-id=\"b621b00\" data-element_type=\"section\">\n\t\t\t\t\t\t<div class=\"elementor-container elementor-column-gap-default\">\n\t\t\t\t\t<div class=\"aux-parallax-section elementor-column elementor-col-50 elementor-top-column elementor-element elementor-element-f95993f\" data-id=\"f95993f\" data-element_type=\"column\">\n\t\t\t<div class=\"elementor-widget-wrap elementor-element-populated\">\n\t\t\t\t\t\t\t\t<div class=\"elementor-element elementor-element-bdb19c6 elementor-widget elementor-widget-image\" data-id=\"bdb19c6\" data-element_type=\"widget\" data-widget_type=\"image.default\">\n\t\t\t\t<div class=\"elementor-widget-container\">\n\t\t\t\t\t\t\t\t\t\t\t\t\t\t\t<img fetchpriority=\"high\" decoding=\"async\" width=\"480\" height=\"320\" src=\"https:\/\/santosite.com.br\/novo\/wp-content\/uploads\/2024\/02\/i-3.webp\" class=\"attachment-large size-large wp-image-622\" alt=\"\" srcset=\"https:\/\/santosite.com.br\/novo\/wp-content\/uploads\/2024\/02\/i-3.webp 480w, https:\/\/santosite.com.br\/novo\/wp-content\/uploads\/2024\/02\/i-3-200x133.webp 200w\" sizes=\"(max-width: 480px) 100vw, 480px\" \/>\t\t\t\t\t\t\t\t\t\t\t\t\t\t\t<\/div>\n\t\t\t\t<\/div>\n\t\t\t\t\t<\/div>\n\t\t<\/div>\n\t\t\t\t<div class=\"aux-parallax-section elementor-column elementor-col-50 elementor-top-column elementor-element elementor-element-4f7752b\" data-id=\"4f7752b\" data-element_type=\"column\">\n\t\t\t<div class=\"elementor-widget-wrap elementor-element-populated\">\n\t\t\t\t\t\t\t\t<div class=\"elementor-element elementor-element-94feb6b elementor-widget elementor-widget-heading\" data-id=\"94feb6b\" data-element_type=\"widget\" data-widget_type=\"heading.default\">\n\t\t\t\t<div class=\"elementor-widget-container\">\n\t\t\t<h2 class=\"elementor-heading-title elementor-size-default\">Vamos conversar?<\/h2>\t\t<\/div>\n\t\t\t\t<\/div>\n\t\t\t\t<div class=\"elementor-element elementor-element-4cf1bfc elementor-widget elementor-widget-text-editor\" data-id=\"4cf1bfc\" data-element_type=\"widget\" data-widget_type=\"text-editor.default\">\n\t\t\t\t<div class=\"elementor-widget-container\">\n\t\t\t\t\t\t\t<p>Se voc\u00ea precisar com ajuda com Sites, Lojas Virtuais, Landing Pages, Sistemas Web, Gest\u00e3o de E-mails, Cria\u00e7\u00e3o de Logotipos, Identidade Visual e Produtos Gr\u00e1ficos, conte com a gente!<\/p>\t\t\t\t\t\t<\/div>\n\t\t\t\t<\/div>\n\t\t\t\t<div class=\"elementor-element elementor-element-2c5ebbf elementor-widget elementor-widget-text-editor\" data-id=\"2c5ebbf\" data-element_type=\"widget\" data-widget_type=\"text-editor.default\">\n\t\t\t\t<div class=\"elementor-widget-container\">\n\t\t\t\t\t\t\t<p>Rua Os Dezoito do Forte, 2494 &#8211; 3\u00ba andar<br \/>Bairro S\u00e3o Pelegrino &#8211; CEP 95020-472<br \/>Caxias do Sul &#8211; RS &#8211; Brasil<br \/>Fone\/Whatsapp: (54) 99905-0510<br \/>E-mail: contato@santosite.com.br<\/p>\t\t\t\t\t\t<\/div>\n\t\t\t\t<\/div>\n\t\t\t\t\t<\/div>\n\t\t<\/div>\n\t\t\t\t\t\t\t<\/div>\n\t\t<\/section>\n\t\t\t\t<section class=\"elementor-section elementor-top-section elementor-element elementor-element-e2378dd elementor-section-boxed elementor-section-height-default elementor-section-height-default\" data-id=\"e2378dd\" data-element_type=\"section\" data-settings=\"{&quot;background_background&quot;:&quot;classic&quot;}\">\n\t\t\t\t\t\t<div class=\"elementor-container elementor-column-gap-default\">\n\t\t\t\t\t<div class=\"aux-parallax-section elementor-column elementor-col-100 elementor-top-column elementor-element elementor-element-92b4b96\" data-id=\"92b4b96\" data-element_type=\"column\">\n\t\t\t<div class=\"elementor-widget-wrap elementor-element-populated\">\n\t\t\t\t\t\t\t\t<div class=\"elementor-element elementor-element-5f3604af elementor-widget__width-auto elementor-widget elementor-widget-aux_simple_svg\" data-id=\"5f3604af\" data-element_type=\"widget\" data-widget_type=\"aux_simple_svg.default\">\n\t\t\t\t<div class=\"elementor-widget-container\">\n\t\t\t    <div class=\"aux-widget-container aux-simple-svg-container\">\n        <div class=\"aux-widget-container-inner\">\n            <div class=\"aux-the-svg\"><img decoding=\"async\" src=\"https:\/\/santosite.com.br\/novo\/wp-content\/uploads\/2021\/05\/Group-4.png\" title=\"demo-attachment-180-Group-4\" alt=\"demo-attachment-180-Group-4\" loading=\"lazy\" \/><\/div>\n        <\/div>\n    <\/div>\n    \t\t<\/div>\n\t\t\t\t<\/div>\n\t\t\t\t<div class=\"elementor-element elementor-element-32bf50dd elementor-invisible elementor-widget elementor-widget-heading\" data-id=\"32bf50dd\" data-element_type=\"widget\" data-settings=\"{&quot;_animation&quot;:&quot;zoomInDown&quot;,&quot;_animation_delay&quot;:500}\" data-widget_type=\"heading.default\">\n\t\t\t\t<div class=\"elementor-widget-container\">\n\t\t\t<h2 class=\"elementor-heading-title elementor-size-default\">Siga-nos, contate-nos!<\/h2>\t\t<\/div>\n\t\t\t\t<\/div>\n\t\t\t\t\t<\/div>\n\t\t<\/div>\n\t\t\t\t\t\t\t<\/div>\n\t\t<\/section>\n\t\t\t\t<section class=\"elementor-section elementor-top-section elementor-element elementor-element-360d14f elementor-section-boxed elementor-section-height-default elementor-section-height-default\" data-id=\"360d14f\" data-element_type=\"section\" data-settings=\"{&quot;background_background&quot;:&quot;gradient&quot;}\">\n\t\t\t\t\t\t<div class=\"elementor-container elementor-column-gap-default\">\n\t\t\t\t\t<div class=\"aux-parallax-section elementor-column elementor-col-25 elementor-top-column elementor-element elementor-element-3df1f366\" data-id=\"3df1f366\" data-element_type=\"column\">\n\t\t\t<div class=\"elementor-widget-wrap elementor-element-populated\">\n\t\t\t\t\t\t\t\t<div class=\"elementor-element elementor-element-1210f27a elementor-widget elementor-widget-image\" data-id=\"1210f27a\" data-element_type=\"widget\" data-widget_type=\"image.default\">\n\t\t\t\t<div class=\"elementor-widget-container\">\n\t\t\t\t\t\t\t\t\t\t\t\t\t\t\t\t<a href=\"https:\/\/www.facebook.com\/santosite\" target=\"_blank\">\n\t\t\t\t\t\t\t<img decoding=\"async\" width=\"178\" height=\"178\" src=\"https:\/\/santosite.com.br\/novo\/wp-content\/uploads\/2024\/05\/facebook-icon-min-1.png\" class=\"attachment-large size-large wp-image-789\" alt=\"\" srcset=\"https:\/\/santosite.com.br\/novo\/wp-content\/uploads\/2024\/05\/facebook-icon-min-1.png 178w, https:\/\/santosite.com.br\/novo\/wp-content\/uploads\/2024\/05\/facebook-icon-min-1-150x150.png 150w\" sizes=\"(max-width: 178px) 100vw, 178px\" \/>\t\t\t\t\t\t\t\t<\/a>\n\t\t\t\t\t\t\t\t\t\t\t\t\t\t\t<\/div>\n\t\t\t\t<\/div>\n\t\t\t\t\t<\/div>\n\t\t<\/div>\n\t\t\t\t<div class=\"aux-parallax-section elementor-column elementor-col-25 elementor-top-column elementor-element elementor-element-559aa089\" data-id=\"559aa089\" data-element_type=\"column\">\n\t\t\t<div class=\"elementor-widget-wrap elementor-element-populated\">\n\t\t\t\t\t\t\t\t<div class=\"elementor-element elementor-element-61dfdef7 elementor-widget elementor-widget-image\" data-id=\"61dfdef7\" data-element_type=\"widget\" data-widget_type=\"image.default\">\n\t\t\t\t<div class=\"elementor-widget-container\">\n\t\t\t\t\t\t\t\t\t\t\t\t\t\t\t\t<a href=\"https:\/\/www.instagram.com\/santositeoficial\/\" target=\"_blank\">\n\t\t\t\t\t\t\t<img decoding=\"async\" width=\"178\" height=\"178\" src=\"https:\/\/santosite.com.br\/novo\/wp-content\/uploads\/2024\/05\/Instagram-icon-min-1.png\" class=\"attachment-large size-large wp-image-788\" alt=\"\" srcset=\"https:\/\/santosite.com.br\/novo\/wp-content\/uploads\/2024\/05\/Instagram-icon-min-1.png 178w, https:\/\/santosite.com.br\/novo\/wp-content\/uploads\/2024\/05\/Instagram-icon-min-1-150x150.png 150w\" sizes=\"(max-width: 178px) 100vw, 178px\" \/>\t\t\t\t\t\t\t\t<\/a>\n\t\t\t\t\t\t\t\t\t\t\t\t\t\t\t<\/div>\n\t\t\t\t<\/div>\n\t\t\t\t\t<\/div>\n\t\t<\/div>\n\t\t\t\t<div class=\"aux-parallax-section elementor-column elementor-col-25 elementor-top-column elementor-element elementor-element-34754762\" data-id=\"34754762\" data-element_type=\"column\">\n\t\t\t<div class=\"elementor-widget-wrap elementor-element-populated\">\n\t\t\t\t\t\t\t\t<div class=\"elementor-element elementor-element-5b67ebc6 elementor-widget elementor-widget-image\" data-id=\"5b67ebc6\" data-element_type=\"widget\" data-widget_type=\"image.default\">\n\t\t\t\t<div class=\"elementor-widget-container\">\n\t\t\t\t\t\t\t\t\t\t\t\t\t\t\t\t<a href=\"https:\/\/api.whatsapp.com\/send?phone=5554999050510&#038;text=Ol%C3%A1.%20Estou%20navegando%20no%20site%20do%20Santo%20Site,%20e%20gostaria%20da%20algumas%20informa%C3%A7%C3%B5es!\" target=\"_blank\">\n\t\t\t\t\t\t\t<img loading=\"lazy\" decoding=\"async\" width=\"178\" height=\"178\" src=\"https:\/\/santosite.com.br\/novo\/wp-content\/uploads\/2024\/05\/WhatasApp-icon-min-1.png\" class=\"attachment-large size-large wp-image-787\" alt=\"\" srcset=\"https:\/\/santosite.com.br\/novo\/wp-content\/uploads\/2024\/05\/WhatasApp-icon-min-1.png 178w, https:\/\/santosite.com.br\/novo\/wp-content\/uploads\/2024\/05\/WhatasApp-icon-min-1-150x150.png 150w\" sizes=\"(max-width: 178px) 100vw, 178px\" \/>\t\t\t\t\t\t\t\t<\/a>\n\t\t\t\t\t\t\t\t\t\t\t\t\t\t\t<\/div>\n\t\t\t\t<\/div>\n\t\t\t\t\t<\/div>\n\t\t<\/div>\n\t\t\t\t<div class=\"aux-parallax-section elementor-column elementor-col-25 elementor-top-column elementor-element elementor-element-98bd171\" data-id=\"98bd171\" data-element_type=\"column\">\n\t\t\t<div class=\"elementor-widget-wrap elementor-element-populated\">\n\t\t\t\t\t\t\t\t<div class=\"elementor-element elementor-element-1b6fac85 elementor-widget__width-auto elementor-widget elementor-widget-aux_simple_svg\" data-id=\"1b6fac85\" data-element_type=\"widget\" data-widget_type=\"aux_simple_svg.default\">\n\t\t\t\t<div class=\"elementor-widget-container\">\n\t\t\t    <div class=\"aux-widget-container aux-simple-svg-container\">\n        <div class=\"aux-widget-container-inner\">\n            <div class=\"aux-the-svg\"><img decoding=\"async\" src=\"https:\/\/santosite.com.br\/novo\/wp-content\/uploads\/2021\/05\/Group-4.png\" title=\"demo-attachment-180-Group-4\" alt=\"demo-attachment-180-Group-4\" loading=\"lazy\" \/><\/div>\n        <\/div>\n    <\/div>\n    \t\t<\/div>\n\t\t\t\t<\/div>\n\t\t\t\t<div class=\"elementor-element elementor-element-6c5c499a elementor-widget elementor-widget-image\" data-id=\"6c5c499a\" data-element_type=\"widget\" data-widget_type=\"image.default\">\n\t\t\t\t<div class=\"elementor-widget-container\">\n\t\t\t\t\t\t\t\t\t\t\t\t\t\t\t\t<a href=\"mailto:contato@santosite.com.br\">\n\t\t\t\t\t\t\t<img loading=\"lazy\" decoding=\"async\" width=\"178\" height=\"178\" src=\"https:\/\/santosite.com.br\/novo\/wp-content\/uploads\/2024\/05\/Email-icon-min-1.png\" class=\"attachment-large size-large wp-image-790\" alt=\"\" srcset=\"https:\/\/santosite.com.br\/novo\/wp-content\/uploads\/2024\/05\/Email-icon-min-1.png 178w, https:\/\/santosite.com.br\/novo\/wp-content\/uploads\/2024\/05\/Email-icon-min-1-150x150.png 150w\" sizes=\"(max-width: 178px) 100vw, 178px\" \/>\t\t\t\t\t\t\t\t<\/a>\n\t\t\t\t\t\t\t\t\t\t\t\t\t\t\t<\/div>\n\t\t\t\t<\/div>\n\t\t\t\t\t<\/div>\n\t\t<\/div>\n\t\t\t\t\t\t\t<\/div>\n\t\t<\/section>\n\t\t\t\t<section class=\"elementor-section elementor-top-section elementor-element elementor-element-438456d4 elementor-section-content-middle elementor-section-full_width elementor-section-stretched elementor-section-height-default elementor-section-height-default elementor-invisible\" data-id=\"438456d4\" data-element_type=\"section\" data-settings=\"{&quot;animation&quot;:&quot;zoomInUp&quot;,&quot;animation_delay&quot;:500,&quot;stretch_section&quot;:&quot;section-stretched&quot;}\">\n\t\t\t\t\t\t<div class=\"elementor-container elementor-column-gap-no\">\n\t\t\t\t\t<div class=\"aux-parallax-section elementor-column elementor-col-100 elementor-top-column elementor-element elementor-element-6158b5bf\" data-id=\"6158b5bf\" data-element_type=\"column\">\n\t\t\t<div class=\"elementor-widget-wrap elementor-element-populated\">\n\t\t\t\t\t\t\t\t<div class=\"elementor-element elementor-element-42dc27af aux-appear-watch-animation aux-fade-in-up-1 elementor-widget elementor-widget-aux_modern_heading\" data-id=\"42dc27af\" data-element_type=\"widget\" data-widget_type=\"aux_modern_heading.default\">\n\t\t\t\t<div class=\"elementor-widget-container\">\n\t\t\t<section class=\"aux-widget-modern-heading\">\n            <div class=\"aux-widget-inner\"><h2 class=\"aux-modern-heading-primary\">CONHE\u00c7A<\/h2><div class=\"aux-modern-heading-divider\"><\/div><h3 class=\"aux-modern-heading-secondary\"><span class=\"aux-head-highlight\">Nossa Localiza\u00e7\u00e3o<\/span><\/h3><\/div>\n        <\/section>\t\t<\/div>\n\t\t\t\t<\/div>\n\t\t\t\t<div class=\"elementor-element elementor-element-56c0bee4 elementor-widget__width-inherit elementor-widget elementor-widget-google_maps\" data-id=\"56c0bee4\" data-element_type=\"widget\" data-widget_type=\"google_maps.default\">\n\t\t\t\t<div class=\"elementor-widget-container\">\n\t\t\t\t\t<div class=\"elementor-custom-embed\">\n\t\t\t<iframe loading=\"lazy\"\n\t\t\t\t\tsrc=\"https:\/\/maps.google.com\/maps?q=Rus%20Os%20Dezoito%20do%20Forte%2C%202494%20-%20Andar%203%2C%20Sala%205&#038;t=m&#038;z=15&#038;output=embed&#038;iwloc=near\"\n\t\t\t\t\ttitle=\"Rus Os Dezoito do Forte, 2494 - Andar 3, Sala 5\"\n\t\t\t\t\taria-label=\"Rus Os Dezoito do Forte, 2494 - Andar 3, Sala 5\"\n\t\t\t><\/iframe>\n\t\t<\/div>\n\t\t\t\t<\/div>\n\t\t\t\t<\/div>\n\t\t\t\t\t<\/div>\n\t\t<\/div>\n\t\t\t\t\t\t\t<\/div>\n\t\t<\/section>\n\t\t\t\t\t\t\t<\/div>\n\t\t","protected":false},"excerpt":{"rendered":"<p>Google Maps API Key Is Missing. In order to use google maps on your website, you have to create an api key and insert it in customizer &#8220;Google Maps API Key&#8221; field. Vamos conversar? Se voc\u00ea precisar com ajuda com Sites, Lojas Virtuais, Landing Pages, Sistemas Web, Gest\u00e3o de E-mails, Cria\u00e7\u00e3o de Logotipos, Identidade Visual [&hellip;]<\/p>\n","protected":false},"author":1,"featured_media":0,"parent":0,"menu_order":0,"comment_status":"closed","ping_status":"closed","template":"","meta":{"_joinchat":[],"footnotes":""},"class_list":["post-245","page","type-page","status-publish","hentry"],"yoast_head":"<!-- This site is optimized with the Yoast SEO plugin v22.8 - https:\/\/yoast.com\/wordpress\/plugins\/seo\/ -->\n<title>Contato - Santo Site<\/title>\n<meta name=\"description\" content=\"Vamos conversar? Se voc\u00ea precisar com ajuda com Sites, Lojas Virtuais, Landing Pages, Sistemas Web, Gest\u00e3o de E-mails, Cria\u00e7\u00e3o de Logotipos, Identidade Visual e Produtos Gr\u00e1ficos, conte com a gente!\" \/>\n<meta name=\"robots\" content=\"index, follow, max-snippet:-1, max-image-preview:large, max-video-preview:-1\" \/>\n<link rel=\"canonical\" href=\"https:\/\/santosite.com.br\/novo\/contact-us\/\" \/>\n<meta property=\"og:locale\" content=\"pt_BR\" \/>\n<meta property=\"og:type\" content=\"article\" \/>\n<meta property=\"og:title\" content=\"Contato - Santo Site\" \/>\n<meta property=\"og:description\" content=\"Vamos conversar? Se voc\u00ea precisar com ajuda com Sites, Lojas Virtuais, Landing Pages, Sistemas Web, Gest\u00e3o de E-mails, Cria\u00e7\u00e3o de Logotipos, Identidade Visual e Produtos Gr\u00e1ficos, conte com a gente!\" \/>\n<meta property=\"og:url\" content=\"https:\/\/santosite.com.br\/novo\/contact-us\/\" \/>\n<meta property=\"og:site_name\" content=\"Santo Site\" \/>\n<meta property=\"article:publisher\" content=\"https:\/\/www.facebook.com\/santosite\" \/>\n<meta property=\"article:modified_time\" content=\"2025-10-27T13:56:19+00:00\" \/>\n<meta property=\"og:image\" content=\"https:\/\/santosite.com.br\/novo\/wp-content\/uploads\/2024\/02\/i-3.webp\" \/>\n<meta name=\"twitter:card\" content=\"summary_large_image\" \/>\n<meta name=\"twitter:label1\" content=\"Est. tempo de leitura\" \/>\n\t<meta name=\"twitter:data1\" content=\"2 minutos\" \/>\n<script type=\"application\/ld+json\" class=\"yoast-schema-graph\">{\"@context\":\"https:\/\/schema.org\",\"@graph\":[{\"@type\":\"WebPage\",\"@id\":\"https:\/\/santosite.com.br\/novo\/contact-us\/\",\"url\":\"https:\/\/santosite.com.br\/novo\/contact-us\/\",\"name\":\"Contato - Santo Site\",\"isPartOf\":{\"@id\":\"https:\/\/santosite.com.br\/novo\/#website\"},\"primaryImageOfPage\":{\"@id\":\"https:\/\/santosite.com.br\/novo\/contact-us\/#primaryimage\"},\"image\":{\"@id\":\"https:\/\/santosite.com.br\/novo\/contact-us\/#primaryimage\"},\"thumbnailUrl\":\"https:\/\/santosite.com.br\/novo\/wp-content\/uploads\/2024\/02\/i-3.webp\",\"datePublished\":\"2021-05-08T06:26:11+00:00\",\"dateModified\":\"2025-10-27T13:56:19+00:00\",\"description\":\"Vamos conversar? Se voc\u00ea precisar com ajuda com Sites, Lojas Virtuais, Landing Pages, Sistemas Web, Gest\u00e3o de E-mails, Cria\u00e7\u00e3o de Logotipos, Identidade Visual e Produtos Gr\u00e1ficos, conte com a gente!\",\"breadcrumb\":{\"@id\":\"https:\/\/santosite.com.br\/novo\/contact-us\/#breadcrumb\"},\"inLanguage\":\"pt-BR\",\"potentialAction\":[{\"@type\":\"ReadAction\",\"target\":[\"https:\/\/santosite.com.br\/novo\/contact-us\/\"]}]},{\"@type\":\"ImageObject\",\"inLanguage\":\"pt-BR\",\"@id\":\"https:\/\/santosite.com.br\/novo\/contact-us\/#primaryimage\",\"url\":\"https:\/\/santosite.com.br\/novo\/wp-content\/uploads\/2024\/02\/i-3.webp\",\"contentUrl\":\"https:\/\/santosite.com.br\/novo\/wp-content\/uploads\/2024\/02\/i-3.webp\"},{\"@type\":\"BreadcrumbList\",\"@id\":\"https:\/\/santosite.com.br\/novo\/contact-us\/#breadcrumb\",\"itemListElement\":[{\"@type\":\"ListItem\",\"position\":1,\"name\":\"In\u00edcio\",\"item\":\"https:\/\/santosite.com.br\/novo\/\"},{\"@type\":\"ListItem\",\"position\":2,\"name\":\"Contato\"}]},{\"@type\":\"WebSite\",\"@id\":\"https:\/\/santosite.com.br\/novo\/#website\",\"url\":\"https:\/\/santosite.com.br\/novo\/\",\"name\":\"Santo Site\",\"description\":\"N\u00e3o \u00e9 Milagre. \u00c9 Tecnologia - No es un milagro. es tecnologia - It&#039;s not a miracle. It&#039;s Technology\",\"publisher\":{\"@id\":\"https:\/\/santosite.com.br\/novo\/#organization\"},\"potentialAction\":[{\"@type\":\"SearchAction\",\"target\":{\"@type\":\"EntryPoint\",\"urlTemplate\":\"https:\/\/santosite.com.br\/novo\/?s={search_term_string}\"},\"query-input\":\"required name=search_term_string\"}],\"inLanguage\":\"pt-BR\"},{\"@type\":\"Organization\",\"@id\":\"https:\/\/santosite.com.br\/novo\/#organization\",\"name\":\"Santo Site\",\"url\":\"https:\/\/santosite.com.br\/novo\/\",\"logo\":{\"@type\":\"ImageObject\",\"inLanguage\":\"pt-BR\",\"@id\":\"https:\/\/santosite.com.br\/novo\/#\/schema\/logo\/image\/\",\"url\":\"https:\/\/santosite.com.br\/novo\/wp-content\/uploads\/2020\/09\/Design-sem-nome-14.png\",\"contentUrl\":\"https:\/\/santosite.com.br\/novo\/wp-content\/uploads\/2020\/09\/Design-sem-nome-14.png\",\"width\":150,\"height\":150,\"caption\":\"Santo Site\"},\"image\":{\"@id\":\"https:\/\/santosite.com.br\/novo\/#\/schema\/logo\/image\/\"},\"sameAs\":[\"https:\/\/www.facebook.com\/santosite\",\"https:\/\/www.instagram.com\/santositeoficial\/\"]}]}<\/script>\n<!-- \/ Yoast SEO plugin. -->","yoast_head_json":{"title":"Contato - Santo Site","description":"Vamos conversar? Se voc\u00ea precisar com ajuda com Sites, Lojas Virtuais, Landing Pages, Sistemas Web, Gest\u00e3o de E-mails, Cria\u00e7\u00e3o de Logotipos, Identidade Visual e Produtos Gr\u00e1ficos, conte com a gente!","robots":{"index":"index","follow":"follow","max-snippet":"max-snippet:-1","max-image-preview":"max-image-preview:large","max-video-preview":"max-video-preview:-1"},"canonical":"https:\/\/santosite.com.br\/novo\/contact-us\/","og_locale":"pt_BR","og_type":"article","og_title":"Contato - Santo Site","og_description":"Vamos conversar? Se voc\u00ea precisar com ajuda com Sites, Lojas Virtuais, Landing Pages, Sistemas Web, Gest\u00e3o de E-mails, Cria\u00e7\u00e3o de Logotipos, Identidade Visual e Produtos Gr\u00e1ficos, conte com a gente!","og_url":"https:\/\/santosite.com.br\/novo\/contact-us\/","og_site_name":"Santo Site","article_publisher":"https:\/\/www.facebook.com\/santosite","article_modified_time":"2025-10-27T13:56:19+00:00","og_image":[{"url":"https:\/\/santosite.com.br\/novo\/wp-content\/uploads\/2024\/02\/i-3.webp"}],"twitter_card":"summary_large_image","twitter_misc":{"Est. tempo de leitura":"2 minutos"},"schema":{"@context":"https:\/\/schema.org","@graph":[{"@type":"WebPage","@id":"https:\/\/santosite.com.br\/novo\/contact-us\/","url":"https:\/\/santosite.com.br\/novo\/contact-us\/","name":"Contato - Santo Site","isPartOf":{"@id":"https:\/\/santosite.com.br\/novo\/#website"},"primaryImageOfPage":{"@id":"https:\/\/santosite.com.br\/novo\/contact-us\/#primaryimage"},"image":{"@id":"https:\/\/santosite.com.br\/novo\/contact-us\/#primaryimage"},"thumbnailUrl":"https:\/\/santosite.com.br\/novo\/wp-content\/uploads\/2024\/02\/i-3.webp","datePublished":"2021-05-08T06:26:11+00:00","dateModified":"2025-10-27T13:56:19+00:00","description":"Vamos conversar? Se voc\u00ea precisar com ajuda com Sites, Lojas Virtuais, Landing Pages, Sistemas Web, Gest\u00e3o de E-mails, Cria\u00e7\u00e3o de Logotipos, Identidade Visual e Produtos Gr\u00e1ficos, conte com a gente!","breadcrumb":{"@id":"https:\/\/santosite.com.br\/novo\/contact-us\/#breadcrumb"},"inLanguage":"pt-BR","potentialAction":[{"@type":"ReadAction","target":["https:\/\/santosite.com.br\/novo\/contact-us\/"]}]},{"@type":"ImageObject","inLanguage":"pt-BR","@id":"https:\/\/santosite.com.br\/novo\/contact-us\/#primaryimage","url":"https:\/\/santosite.com.br\/novo\/wp-content\/uploads\/2024\/02\/i-3.webp","contentUrl":"https:\/\/santosite.com.br\/novo\/wp-content\/uploads\/2024\/02\/i-3.webp"},{"@type":"BreadcrumbList","@id":"https:\/\/santosite.com.br\/novo\/contact-us\/#breadcrumb","itemListElement":[{"@type":"ListItem","position":1,"name":"In\u00edcio","item":"https:\/\/santosite.com.br\/novo\/"},{"@type":"ListItem","position":2,"name":"Contato"}]},{"@type":"WebSite","@id":"https:\/\/santosite.com.br\/novo\/#website","url":"https:\/\/santosite.com.br\/novo\/","name":"Santo Site","description":"N\u00e3o \u00e9 Milagre. \u00c9 Tecnologia - No es un milagro. es tecnologia - It&#039;s not a miracle. It&#039;s Technology","publisher":{"@id":"https:\/\/santosite.com.br\/novo\/#organization"},"potentialAction":[{"@type":"SearchAction","target":{"@type":"EntryPoint","urlTemplate":"https:\/\/santosite.com.br\/novo\/?s={search_term_string}"},"query-input":"required name=search_term_string"}],"inLanguage":"pt-BR"},{"@type":"Organization","@id":"https:\/\/santosite.com.br\/novo\/#organization","name":"Santo Site","url":"https:\/\/santosite.com.br\/novo\/","logo":{"@type":"ImageObject","inLanguage":"pt-BR","@id":"https:\/\/santosite.com.br\/novo\/#\/schema\/logo\/image\/","url":"https:\/\/santosite.com.br\/novo\/wp-content\/uploads\/2020\/09\/Design-sem-nome-14.png","contentUrl":"https:\/\/santosite.com.br\/novo\/wp-content\/uploads\/2020\/09\/Design-sem-nome-14.png","width":150,"height":150,"caption":"Santo Site"},"image":{"@id":"https:\/\/santosite.com.br\/novo\/#\/schema\/logo\/image\/"},"sameAs":["https:\/\/www.facebook.com\/santosite","https:\/\/www.instagram.com\/santositeoficial\/"]}]}},"_links":{"self":[{"href":"https:\/\/santosite.com.br\/novo\/wp-json\/wp\/v2\/pages\/245","targetHints":{"allow":["GET"]}}],"collection":[{"href":"https:\/\/santosite.com.br\/novo\/wp-json\/wp\/v2\/pages"}],"about":[{"href":"https:\/\/santosite.com.br\/novo\/wp-json\/wp\/v2\/types\/page"}],"author":[{"embeddable":true,"href":"https:\/\/santosite.com.br\/novo\/wp-json\/wp\/v2\/users\/1"}],"replies":[{"embeddable":true,"href":"https:\/\/santosite.com.br\/novo\/wp-json\/wp\/v2\/comments?post=245"}],"version-history":[{"count":75,"href":"https:\/\/santosite.com.br\/novo\/wp-json\/wp\/v2\/pages\/245\/revisions"}],"predecessor-version":[{"id":2961,"href":"https:\/\/santosite.com.br\/novo\/wp-json\/wp\/v2\/pages\/245\/revisions\/2961"}],"wp:attachment":[{"href":"https:\/\/santosite.com.br\/novo\/wp-json\/wp\/v2\/media?parent=245"}],"curies":[{"name":"wp","href":"https:\/\/api.w.org\/{rel}","templated":true}]}}